= k**2 - 4. List the prime factors of h(r).
2, 3
Let s be 1/1 - (-32)/8. Suppose -c + 12 = u, u = -s*c - 0*c + 20. List the prime factors of u.
2, 5
Let v be (-4)/(-14) + (-102)/14. Let z = v + 13. List the prime factors of (-2)/12 + 25/z.
2
Let q be (24/9)/((-2)/(-15)). What are the prime factors of 2 + -1 + 0 + q?
3, 7
Suppose -29 = -3*q + m, -35 = -3*q + 5*m - 10. What are the prime factors of q?
2, 5
Let d be 2 - -1 - 2 - -80. Suppose -5*s = 4*t - d, 4*s = 3*t - 6*t + 64. What are the prime factors of s?
13
Let r(a) = a**3 + 17*a**2 - a + 3. What are the prime factors of r(-17)?
2, 5
Let o(h) = 27*h**2 - h - 3. List the prime factors of o(-2).
107
Let u = 12 + -6. Let o(s) = s**3 - 6*s**2. Let a be o(u). Suppose a*l = 3*l - 21. List the prime factors of l.
7
Let p(c) = -c**2 - 2*c. Let h be p(-4). Let n = 19 + h. List the prime factors of n.
11
Suppose 3*k + 2*q = 112, 0*k - 3*k - 3*q = -114. List the prime factors of k.
2, 3
Let u(z) = z**3 + 6*z**2 - 4*z + 1. Let g be -12*(-8)/(-12) - -2. List the prime factors of u(g).
5
Let h(o) = 4*o**2 + 2*o - 7. Let f(b) = b**2 + 6*b - 3. Let w be f(-6). List the prime factors of h(w).
23
Suppose 5 = -x + 10. List the prime factors of x.
5
Suppose -l + 5*o + 27 = 0, -5*l = -2*o - 3*o - 235. What are the prime factors of l?
2, 13
Let p(m) = 0*m + 3 + 15 + m. Let o be p(0). What are the prime factors of (-52)/(-9) + 4/o?
2, 3
Let v(f) = -f**2 + 12*f - 13. List the prime factors of v(7).
2, 11
Suppose 3 = -3*z + 3*u, 2*z = -u - 4 + 17. Let t = -2 + z. Suppose 0 = t*h - 7*h + 55. What are the prime factors of h?
11
Let l(s) = -7*s - 1. Let c(r) = -3*r. Let w(j) = -5*c(j) + 2*l(j). List the prime factors of w(6).
2
Let f be -2 + 1 + -2 + 3. Suppose 6*r - 2*r - 80 = f. List the prime factors of r.
2, 5
Suppose 3 + 9 = 3*u, -3*w + 281 = -u. List the prime factors of w.
5, 19
Let j(a) = 2*a + 6. Let t be -6 - (-1 + -2 + 1). Let f(w) = 2*w + 7. Let n(d) = t*f(d) + 5*j(d). List the prime factors of n(5).
2, 3
Let q be (32/6)/((-4)/(-6)). Suppose 0 = -3*h + q + 46. List the prime factors of h.
2, 3
Let r = -10 + 24. List the prime factors of r.
2, 7
Let w(d) = -d + 1 + 8*d + 2*d. What are the prime factors of w(2)?
19
Suppose -2*r - 4*n - 12 = 0, 2*n + 18 = r - 2*n. Let a be r/11 - (-53)/11. Suppose a - 3 = h. List the prime factors of h.
2
Suppose -316 = -5*n + 4*k, 2*k + 64 = -4*n + 296. Let b = n + -42. What are the prime factors of b?
2, 3
Suppose 4*i + 0*i + 16 = 0. Let j(p) = p**2 + 4*p + 2. Let f be j(i). Suppose 4*b - 3*h + 16 = 8*b, -3*h = f*b - 8. List the prime factors of b.
2
Let x(q) = q**3 - 3*q**2 - 2*q + 3. List the prime factors of x(4).
11
Suppose 0 = 5*d - 215 - 55. List the prime factors of d.
2, 3
Suppose 5*v + 2*w = 250, 3*w + w + 100 = 2*v. List the prime factors of v.
2, 5
Suppose -2*f - 2*y - 30 = -294, 0 = -3*f + 5*y + 356. List the prime factors of f.
127
Let h = -5 + 2. Let k(f) = -f**2 - 6*f + 2. List the prime factors of k(h).
11
Let r(o) = -o**3 - 7*o**2 - 7*o + 6. Let s be r(-6). Suppose 4*h - s = h. What are the prime factors of h?
2
Let l(p) = 4*p**2 + p. What are the prime factors of l(3)?
3, 13
Suppose 5*p = 5*o + 445, 2*p - 76 = 4*o + 104. List the prime factors of p.
2, 11
Let b = -261 - -365. What are the prime factors of b?
2, 13
Suppose 5*s + 27 = 8*s. What are the prime factors of s?
3
Suppose 0 = y + 2*t - 0 - 4, 2*t = 3*y - 20. Let p = 2 + y. Suppose p = 5*n - 32. What are the prime factors of n?
2
Let d be (-2092)/(-12) + (-5)/15. Suppose -7*v + 2*v = 2*t - 222, 0 = 4*v - 2*t - d. List the prime factors of v.
2, 11
Let z(n) = -n**3 + 21*n**2 + 11*n + 2. List the prime factors of z(21).
233
Let l be (-3 - 74/8)*4. Let k be 4/(-14) + (-1974)/l. Suppose -k = f - 3*f. What are the prime factors of f?
2, 5
Let r be 1 + -6*2/(-4). Suppose 2*m = 3*d - 36, -68 = -r*d - 5*m + m. List the prime factors of d.
2, 7
List the prime factors of (-2138)/(-12) + (-8)/48.
2, 89
Suppose -52 = -4*o + 136. What are the prime factors of o?
47
Let g(r) = -r**3 + 8*r**2 + 8*r - 1. Let l be g(9). Let u = l + 23. What are the prime factors of u?
13
Let u = -31 - -16. Let n = u - -26. What are the prime factors of n?
11
Let z = -25 - -29. Let x = -3 - -6. Suppose 0 = -x*c + q + 14, -6 - z = -5*c + 5*q. What are the prime factors of c?
2, 3
Let x(s) = s**2 + 7*s - 7. Let p be x(-6). What are the prime factors of (30 - p)*(0 + 1)?
43
Let h = 4 - -23. Suppose -4 = -v, s + s = v. Suppose s*g + 3 = h. List the prime factors of g.
2, 3
What are the prime factors of (-3*(6 - 5))/((-1)/36)?
2, 3
Let u = -7 + 0. Let m = 19 + u. What are the prime factors of (5 - 0)*m/15?
2
Suppose 2*p + 1 - 9 = 0, 3*p = 2*a - 198. What are the prime factors of a?
3, 5, 7
Let f(o) = o**2 + 10*o + 4. Suppose 5*x = -0*x - 50. Let w be f(x). Suppose 38 = -0*r + 4*r + 5*q, w = 2*r - 5*q. List the prime factors of r.
7
Suppose -5*d + 54 = 4*p - 154, 2*d + 4*p - 76 = 0. List the prime factors of d.
2, 11
Let j be 0*(-2 - -3) + 1. Suppose -j - 3 = -q. Suppose 0 = 5*i - q*h - 23, -h - 5 + 3 = 0. List the prime factors of i.
3
Let k = 5 + -7. Let w be 140/16 - k/8. Let v = w + -4. List the prime factors of v.
5
Suppose 0 = 8*f - 4*f - 872. What are the prime factors of f?
2, 109
Let m = 40 + -13. Suppose -5*l - m = 3. What are the prime factors of (-9)/l*8 - -3?
3, 5
Let m(k) = 14*k + 1. What are the prime factors of m(1)?
3, 5
Suppose -2*b + 0*b = -6. Suppose 4*a - 31 + b = 0. What are the prime factors of a?
7
Suppose -1017 = -3*l - 6*l. What are the prime factors of l?
113
Let y(l) = -l**3 - 4*l**2 - 2*l - 6. Let i be y(-4). Let n(k) = -3*k - i*k + 0*k. What are the prime factors of n(-1)?
5
What are the prime factors of -1 - -123*(-3)/(-3) - 0?
2, 61
Suppose -75 = -t - 29. List the prime factors of t.
2, 23
Let t(v) = v**3 + 4*v**2 + 2. Suppose -s - 5*g - 4 + 20 = 0, -4*g = -16. Let c be t(s). Suppose c*d + 27 = 5*d. List the prime factors of d.
3
Let h = 1 + 35. List the prime factors of h.
2, 3
Let d = 32 + 192. What are the prime factors of d?
2, 7
Let s = 9 + -7. Let z be 6*(2/(-2))/s. List the prime factors of (z - -5)/((-2)/(-15)).
3, 5
Let p = -3 + 3. Suppose -4*s + r + 26 = p, 3*s + s = 2*r + 24. Let t = s - 4. List the prime factors of t.
3
Suppose 4*r - 5*u - 1135 = 0, -5*u - 3 = -4*u. List the prime factors of r.
2, 5, 7
Let m(s) = -2*s**3 + 8*s**2 - 4. Let a(q) = q**3 - q**2 - q - 1. Let z(l) = 3*a(l) + m(l). Let y be 3/(6/(-5))*2. What are the prime factors of z(y)?
2
Let b(t) = 3*t**3 + 12*t**2 + 14*t - 3. Let h(d) = -d**3 - d**2 - d + 1. Let g(o) = b(o) + 4*h(o). What are the prime factors of g(9)?
2, 5
Let u be 1*29 - (-3 + 2). Suppose 0 = b + 2*b - u. Suppose -s + b = -2*s - 4*f, 0 = -3*s - 5*f + 5. List the prime factors of s.
2, 5
Suppose 0*y - 2*y + 8 = 0. List the prime factors of y.
2
Suppose 0 = 3*l - 5*t - 16, 3*t - 6 = 6*t. Let a = 7 + -7. Suppose a = l*q + 4 - 30. What are the prime factors of q?
13
List the prime factors of 56/364 + -1 + (-6418)/(-26).
2, 3, 41
Let h = -91 + 171. Suppose 4*j - 4*v = h, -5*j - 8*v + 100 = -3*v. List the prime factors of j.
2, 5
Let v be (-3*(1 + -3))/2. Suppose -4*y = -v*y - 2. What are the prime factors of y?
2
Let x(i) = -i + 1. List the prime factors of x(-9).
2, 5
Suppose 0 = -5*o + 6 + 19. Suppose u - 15 = -h, o*u - 5*h = -2*h + 35. What are the prime factors of u?
2, 5
Let s = 9 - 5. Suppose -5*a - s = -f + 20, 24 = 2*f + 2*a. List the prime factors of f.
2, 7
Let q(p) be the first derivative of p**5/10 - p**4/12 + p**3/6 + p**2/2 + 2*p - 1. Let z(j) be the first derivative of q(j). What are the prime factors of z(2)?
3, 5
Suppose -b + 2*c - 6 = 0, 3*b - 3*c - 1 = -b. List the prime factors of 12/(-8)*b/(-2).
3
Let b(n) = 8*n**3 - 1. Suppose -6*l = -l - 3*s - 5, 3*l + 4*s - 3 = 0. What are the prime factors of b(l)?
7
Let p(y) = 10*y**2 + 2*y - y**3 - 4*y**2 + 3 + 2 - 7. Let j be p(6). Let h = j - -2. List the prime factors of h.
2, 3
Suppose 13*g + 2576 = 21*g. What are the prime factors of g?
2, 7, 23
Let j = -9 + 22. List the prime factors of j.
13
Let q = -74 + 104. List the prime factors of q.
2, 3, 5
Let o = -7 + 1. What are the prime factors of (-10)/(-15) + (-20)/o?
2
List the prime factors of ((-6)/(-2))/(((-36)/20)/(-3)).
5
Suppose t - 15 = 2*p,